{"id":1332,"date":"2025-06-12T12:18:26","date_gmt":"2025-06-12T10:18:26","guid":{"rendered":"https:\/\/www.museedelabatterie.com\/?post_type=product&#038;p=1332"},"modified":"2025-08-05T21:56:32","modified_gmt":"2025-08-05T19:56:32","slug":"les-mugs","status":"publish","type":"product","link":"https:\/\/www.museedelabatterie.com\/index.php\/produit\/les-mugs\/","title":{"rendered":"Les mugs"},"content":{"rendered":"<p>Ajoutez une touche musicale \u00e0 vos pauses caf\u00e9 avec cette tasse unique orn\u00e9e d\u2019un dessin r\u00e9aliste d\u2019une batterie.<\/p>\n","protected":false},"excerpt":{"rendered":"<p>Ajoutez une touche musicale \u00e0 vos pauses caf\u00e9 avec cette tasse unique orn\u00e9e d\u2019un dessin r\u00e9aliste d\u2019une batterie.<\/p>\n","protected":false},"featured_media":1398,"template":"","meta":[],"product_cat":[42],"product_tag":[],"class_list":["post-1332","product","type-product","status-publish","has-post-thumbnail","hentry","product_cat-non-classe","has-thumbnail","section-light","non-sale","no-comments"],"_links":{"self":[{"href":"https:\/\/www.museedelabatterie.com\/index.php\/wp-json\/wp\/v2\/product\/1332","targetHints":{"allow":["GET"]}}],"collection":[{"href":"https:\/\/www.museedelabatterie.com\/index.php\/wp-json\/wp\/v2\/product"}],"about":[{"href":"https:\/\/www.museedelabatterie.com\/index.php\/wp-json\/wp\/v2\/types\/product"}],"wp:featuredmedia":[{"embeddable":true,"href":"https:\/\/www.museedelabatterie.com\/index.php\/wp-json\/wp\/v2\/media\/1398"}],"wp:attachment":[{"href":"https:\/\/www.museedelabatterie.com\/index.php\/wp-json\/wp\/v2\/media?parent=1332"}],"wp:term":[{"taxonomy":"product_cat","embeddable":true,"href":"https:\/\/www.museedelabatterie.com\/index.php\/wp-json\/wp\/v2\/product_cat?post=1332"},{"taxonomy":"product_tag","embeddable":true,"href":"https:\/\/www.museedelabatterie.com\/index.php\/wp-json\/wp\/v2\/product_tag?post=1332"}],"curies":[{"name":"wp","href":"https:\/\/api.w.org\/{rel}","templated":true}]}}